2
Convert -1887 (base 16) to base 8.
-14207
12001 (base 7) to base 10
3088
What is -2936 (base 10) in base 13?
-144b
-538 (base 14) to base 15
-48a
Convert 3467 (base 8) to base 14.
95d
Convert 369 (base 11) to base 2.
110110110
11001011011010 (base 2) to base 8
31332
Convert -3265 (base 7) to base 12.
-81a
What is -14d8 (base 14) in base 7?
-13561
What is -5111 (base 9) in base 5?
-104421
What is 14214 (base 5) in base 2?
10010100000
-102 (base 5) to base 6
-43
Convert -133 (base 12) to base 9.
-223
What is -1c01 (base 16) in base 6?
-53105
-421 (base 8) to base 6
-1133
What is 1243444 (base 5) in base 13?
b425
-7e05 (base 16) to base 3
-1122020212
464 (base 9) to base 11
318
63635 (base 7) to base 15
4a05
What is e47 (base 16) in base 15?
113a
What is 2703 (base 14) in base 11?
517a
What is 12441 (base 5) in base 9?
1326
Convert -4314300 (base 5) to base 8.
-216563
What is -6057 (base 9) in base 13?
-2026
2133 (base 4) to base 11
135
What is 326 (base 11) in base 6?
1451
What is 1200221021 (base 3) in base 14?
c2bd
Convert -1468 (base 15) to base 3.
-12222222
-1303130 (base 4) to base 13
-3494
What is -136 (base 16) in base 15?
-15a
-a0 (base 14) to base 12
-b8
What is -211100 (base 4) in base 2?
-100101010000
130310 (base 6) to base 14
4414
-d302 (base 15) to base 14
-12344
What is -242032 (base 5) in base 4?
-2030321
What is -312140 (base 5) in base 14?
-3a75
What is 100001100001 (base 2) in base 12?
12a9
What is 11220202 (base 3) in base 11?
2769
14f (base 16) to base 4
11033
What is 125020 (base 7) in base 5?
1221323
1110100 (base 2) to base 5
431
What is -186 (base 15) in base 11?
-29a
Convert 111101120 (base 3) to base 14.
37b4
Convert 1212220012 (base 3) to base 16.
90ef
Convert 1022220010 (base 3) to base 5.
1314131
Convert -91b (base 12) to base 4.
-110213
Convert b8 (base 13) to base 11.
128
Convert 1a66 (base 14) to base 4.
1022322
What is 359 (base 15) in base 6?
3303
26541 (base 7) to base 5
212014
What is 11100101010011 (base 2) in base 9?
22115
What is 19d1 (base 16) in base 7?
25161
Convert 16850 (base 12) to base 2.
111111000111100
What is 18758 (base 15) in base 16?
135b3
What is -1271 (base 8) in base 2?
-1010111001
Convert -615 (base 12) to base 15.
-3db
Convert -111121 (base 3) to base 7.
-1033
20031 (base 7) to base 4
1023120
Convert -a8 (base 16) to base 13.
-cc
What is 32024 (base 6) in base 5?
114321
What is 11112100 (base 3) in base 13?
1671
Convert 322001 (base 4) to base 9.
5075
2770 (base 13) to base 4
1120210
Convert 55 (base 15) to base 6.
212
What is -4054 (base 12) in base 7?
-26224
-4447 (base 13) to base 11
-7178
Convert 225 (base 13) to base 10.
369
What is -981 (base 10) in base 6?
-4313
What is -14972 (base 12) in base 14?
-a818
What is -30023 (base 5) in base 11?
-1467
Convert -1248 (base 15) to base 12.
-2305
Convert 1b2a5 (base 12) to base 6.
505525
What is -23220 (base 4) in base 15?
-349
Convert -58ee (base 15) to base 16.
-49d3
Convert 25302 (base 8) to base 14.
3dbc
-20ca (base 14) to base 5
-140131
111110001 (base 2) to base 6
2145
Convert -b28 (base 16) to base 12.
-17a0
-a452 (base 11) to base 3
-201000000
What is -614 (base 10) in base 8?
-1146
Convert -1cca (base 15) to base 9.
-8531
-333311 (base 5) to base 15
-3706
What is 11221111 (base 3) in base 15?
1104
-1363 (base 14) to base 13
-1730
What is 13322233 (base 4) in base 12?
16927
Convert 14eb (base 16) to base 2.
1010011101011
Convert 1155 (base 10) to base 11.
960
Convert -179 (base 10) to base 16.
-b3
-11687 (base 9) to base 10
-7855
-110000 (base 3) to base 10
-324
What is -2c39 (base 14) in base 16?
-1ed3
-1397 (base 11) to base 4
-130020
-3231 (base 5) to base 12
-309
Convert 5ab (base 16) to base 9.
1882
70472 (base 10) to base 13
260cc
Convert -591 (base 10) to base 2.
-1001001111
What is -6a4 (base 13) in base 12?
-7b8
Convert -2430 (base 12) to base 2.
-111111100100
What is -2755 (base 12) in base 7?
-16130
What is -34152 (base 6) in base 14?
-1a84
10100000100001 (base 2) to base 10
10273
What is 50400 (base 8) in base 10?
20736
What is -1052 (base 7) in base 13?
-233
Convert -11011000111 (base 2) to base 15.
-7aa
20232 (base 4) to base 15
273
Convert -10325 (base 6) to base 14.
-737
What is -34c (base 14) in base 5?
-10111
100000100011101 (base 2) to base 6
205101
What is -660 (base 10) in base 7?
-1632
-20501 (base 6) to base 10
-2773
Convert -10000001001 (base 2) to base 12.
-721
What is -1ab (base 15) in base 13?
-239
Convert -200020202 (base 3) to base 7.
-53534
Convert -224032 (base 5) to base 7.
-32242
Convert -112 (base 9) to base 7.
-161
Convert 50214 (base 9) to base 16.
80d4
-4031 (base 6) to base 10
-883
610a (base 12) to base 14
3b98
1bd4 (base 16) to base 15
219e
-73835 (base 9) to base 2
-1011111010011010
3152 (base 6) to base 5
10331
What is -1a74 (base 12) in base 10?
-3256
What is -335 (base 12) in base 15?
-218
Convert -102bc (base 14) to base 2.
-1001100000111110
Convert -4122 (base 5) to base 8.
-1031
-12100130 (base 4) to base 16
-641c
What is 21120 (base 4) in base 13?
372
What is -312013 (base 4) in base 8?
-6607
360 (base 12) to base 11
419
201230 (base 4) to base 9
2855
What is 7594 (base 10) in base 13?
35c2
What is -21666 (base 7) in base 14?
-1ddd
-6466 (base 15) to base 12
-10366
Convert -1020211 (base 4) to base 14.
-199b
Convert 671 (base 10) to base 8.
1237
2252 (base 8) to base 2
10010101010
What is -1667 (base 10) in base 11?
-1286
What is 10001001100100 (base 2) in base 5?
240204
What is 16388 (base 9) in base 2?
10101111111010
-10210 (base 4) to base 11
-246
What is -12101021 (base 3) in base 7?
-14302
124312 (base 6) to base 7
45041
Convert -308 (base 13) to base 3.
-201002
Convert -aa (base 15) to base 9.
-187
-106 (base 7) to base 2
-110111
What is -203330 (base 4) in base 15?
-a35
What is 548 (base 16) in base 11?
101a
What is -1033 (base 15) in base 4?
-311133
What is -1363 (base 13) in base 15?
-c5a
What is 11010100011 (base 2) in base 6?
11511
-2210 (base 3) to base 13
-5a
What is 25078 (base 11) in base 15?
aa17
What is 5244 (base 7) in base 16?
735
What is -90 (base 10) in base 5?
-330
23573 (base 8) to base 9
14770
What is 11708 (base 9) in base 2?
1111010111001
What is 1c3 (base 16) in base 10?
451
Convert -3466 (base 7) to base 8.
-2371
Convert -21201 (base 4) to base 10.
-609
What is 130032 (base 4) in base 8?
3416
Convert -465 (base 13) to base 5.
-11014
2221 (base 7) to base 6
3411
Convert -1000011111001 (base 2) to base 13.
-1c93
What is 3a6 (base 12) in base 7?
1425
Convert -3d1 (base 14) to base 5.
-11041
Convert -1052 (base 8) to base 7.
-1421
1b59 (base 15) to base 5
142214
-51 (base 12) to base 3
-2021
Convert 4535 (base 8) to base 5.
34042
34 (base 14) to base 13
37
What is -1000000101 (base 2) in base 16?
-205
-21122010 (base 3) to base 7
-22140
-180 (base 13) to base 5
-2043
Convert 4512 (base 9) to base 14.
1300
122110 (base 3) to base 10
471
Convert 815 (base 15) to base 2.
11100011100
Convert 13e8 (base 15) to base 7.
15305
Convert -79b (base 13) to base 11.
-a92
What is -23032 (base 6) in base 2?
-110010111100
1534 (base 8) to base 11
712
What is 678 (base 9) in base 5?
4212
-381 (base 10) to base 3
-112010
Convert -5f5 (base 16) to base 8.
-2765
-709 (base 10) to base 7
-2032
1a591 (base 12) to base 14
10229
Convert 1f5 (base 16) to base 7.
1314
What is 19035 (base 10) in base 7?
106332
Convert 1eb (base 16) to base 10.
491
Convert -a9a3 (base 13) to base 9.
-35358
17853 (base 9) to base 8
30110
Convert -31310 (base 4) to base 8.
-1564
-108 (base 10) to base 3
-11000
What is 651 (base 15) in base 16?
592
Convert -10012101020 (base 3) to base 5.
-4003340
13 (base 14) to base 7
23
-17d4 (base 15) to base 7
-21004
16c (base 13) to base 2
100000011
Convert -26ec (base 16) to base 3.
-111200001
What is -63 (base 15) in base 13?
-72
What is -9811 (base 11) in base 9?
-18688
1950b (base 14) to base 13
23240
Convert 10432 (base 5) to base 10.
742
-303021 (base 5) to base 14
-37b3
-24144 (base 8) to base 11
-7850
Convert 7e (base 16) to base 3.
11200
What is 23b (base 12) in base 9?
412
What is 94a (base 15) in base 9?
2777
Convert 475 (base 10) to base 3.
122121
7b0 (base 12) to base 14
5b6
What is 2315 (base 7) in base 3?
1011022
Convert 2b37 (base 12) to base 6.
35